site?
False
Is 32070419 a composite number?
False
Is 61304093 composite?
True
Is 54744191 prime?
False
Is 395471669 prime?
True
Is 39103 a prime number?
True
Is 15421139 a prime number?
True
Is 1841201 composite?
False
Is 22590649 prime?
False
Is 3781009 a composite number?
True
Is 3664763 a prime number?
True
Is 79911007 a prime number?
False
Is 973783 a composite number?
True
Is 122528011 prime?
True
Is 2832941 prime?
True
Is 375701 a composite number?
True
Is 5963047 a prime number?
True
Is 715601 a prime number?
False
Is 5759191 a prime number?
True
Is 106487 composite?
False
Is 28745329 a prime number?
True
Is 278558417 a composite number?
False
Is 41018381 composite?
False
Is 25662797 prime?
False
Is 275986927 composite?
False
Is 8856743 composite?
True
Is 13108741 composite?
False
Is 1287295 a prime number?
False
Is 94968799 composite?
True
Is 381077743 a composite number?
False
Is 535360703 a composite number?
False
Is 2874203 prime?
False
Is 51498397 a prime number?
True
Is 114633773 prime?
False
Is 12304631 prime?
True
Is 48668849 a prime number?
False
Is 896351 a prime number?
False
Is 1768993 composite?
False
Is 16032619 a prime number?
True
Is 1571371 prime?
False
Is 150169547 composite?
True
Is 6737179 composite?
True
Is 43197631 prime?
False
Is 2262499 a composite number?
False
Is 23716673 composite?
False
Is 7060649 a composite number?
True
Is 5040193 composite?
True
Is 319283691 prime?
False
Is 49768039 prime?
True
Is 17145197 composite?
True
Is 7541777 a prime number?
True
Is 13031873 a prime number?
False
Is 74374909 prime?
False
Is 452980471 a prime number?
True
Is 17984267 prime?
False
Is 1613371 composite?
False
Is 151237769 composite?
False
Is 9035207 prime?
True
Is 15892397 prime?
False
Is 82420331 composite?
True
Is 44995057 a composite number?
False
Is 5719069 a composite number?
False
Is 156657427 composite?
True
Is 13263409 composite?
True
Is 24055294 a composite number?
True
Is 90526793 a composite number?
True
Is 4273413 a composite number?
True
Is 3506549 a prime number?
True
Is 14039495 composite?
True
Is 285365921 a prime number?
False
Is 3217129 a prime number?
False
Is 2731462 a prime number?
False
Is 92988191 a composite number?
False
Is 24851239 a prime number?
False
Is 38430789 composite?
True
Is 2126329 a prime number?
True
Is 1252081 composite?
True
Is 578663 a prime number?
False
Is 3690391 a composite number?
True
Is 7746787 prime?
False
Is 34727443 a composite number?
False
Is 2499271 a prime number?
False
Is 250202861 composite?
True
Is 95781841 a prime number?
True
Is 3532619 composite?
False
Is 16339541 a composite number?
False
Is 15064711 a composite number?
True
Is 440729771 prime?
True
Is 95974219 composite?
True
Is 28132537 composite?
False
Is 182319209 prime?
True
Is 605326 composite?
True
Is 475207 a prime number?
True
Is 3319219 composite?
False
Is 82519597 a prime number?
True
Is 3495071 a prime number?
True
Is 35678967 a prime number?
False
Is 91215947 a prime number?
False
Is 1100897 composite?
True
Is 11005043 composite?
True
Is 128873557 a composite number?
False
Is 319619 a composite number?
True
Is 220962061 a composite number?
False
Is 198782959 composite?
True
Is 136699 a composite number?
True
Is 4744409 a prime number?
True
Is 65083211 a prime number?
False
Is 29223659 a composite number?
True
Is 168743 a composite number?
False
Is 47213717 composite?
True
Is 274024837 a prime number?
False
Is 46313989 a composite number?
True
Is 67923203 prime?
False
Is 6299353 composite?
False
Is 246991 a composite number?
True
Is 24923779 a prime number?
True
Is 315776794 prime?
False
Is 8246113 prime?
True
Is 21983081 a composite number?
True
Is 236976527 a prime number?
False
Is 30304139 prime?
False
Is 525264869 composite?
True
Is 4170787 a composite number?
True
Is 187583537 prime?
True
Is 921667 prime?
True
Is 179819597 prime?
False
Is 16316309 a composite number?
True
Is 134906329 composite?
True
Is 7868339 composite?
False
Is 125831389 a prime number?
True
Is 38978123 a prime number?
False
Is 3327517 composite?
False
Is 22607287 a prime number?
True
Is 64936037 composite?
False
Is 27811447 a composite number?
True
Is 3012437 composite?
False
Is 331348379 a prime number?
True
Is 124756343 composite?
True
Is 39055417 a prime number?
True
Is 288521329 composite?
True
Is 10117507 composite?
False
Is 22226833 a prime number?
True
Is 27537179 a composite number?
False
Is 1632599 a composite number?
False
Is 4942265 a composite number?
True
Is 34604027 composite?
True
Is 5024549 a composite number?
False
Is 1964153 a prime number?
False
Is 269380559 prime?
False
Is 96643 a composite number?
False
Is 145357 prime?
False
Is 744589 prime?
False
Is 176809279 composite?
False
Is 1581829 a composite number?
False
Is 32192103 prime?
False
Is 4385587 prime?
False
Is 33349874 composite?
True
Is 1917121 composite?
False
Is 338810213 a prime number?
False
Is 464377333 composite?
True
Is 1214039 prime?
True
Is 2407747 prime?
False
Is 554251 composite?
True
Is 79903349 a prime number?
False
Is 532705 a composite number?
True
Is 1274989 composite?
False
Is 432110351 prime?
True
Is 2394659 prime?
True
Is 482544638 composite?
True
Is 17750231 a composite number?
False
Is 11001599 composite?
True
Is 111231133 composite?
True
Is 722599 composite?
False
Is 146702147 a composite number?
False
Is 3791167 a composite number?
False
Is 2081237 a composite number?
False
Is 79633207 a prime number?
True
Is 28387 composite?
False
Is 2128093 prime?
False
Is 114831529 a prime number?
False
Is 224140151 a composite number?
False
Is 120112723 prime?
True
Is 514299797 a prime number?
False
Is 73037033 prime?
True
Is 108999647 prime?
False
Is 509191 a prime number?
False
Is 10785199 composite?
True
Is 31920593 prime?
False
Is 1605127 composite?
False
Is 42034283 composite?
False
Is 835666007 composite?
True
Is 24279539 composite?
True
Is 2728277 prime?
True
Is 2668447 composite?
True
Is 595906981 a prime number?
False
Is 55807243 composite?
True
Is 327226439 a prime number?
True
Is 99179441 prime?
True
Is 27055067 prime?
False
Is 4199131 a composite number?
False
Is 6690973 prime?
True
Is 4986955 a composite number?
True
Is 2179459 composite?
False
Is 1272133 prime?
True
Is 20250577 composite?
False
Is 8775103 a prime number?
False
Is 231397 a composite number?
True
Is 154030871 composite?
True
Is 106290167 composite?
False
Is 296071 a prime number?
True
Is 19168597 composite?
True
Is 22152737 a composite number?
True
Is 2543453 a composite number?
True
Is 6629739 a composite number?
True
Is 4393657 a composite number?
True
Is 279394 prime?
False
Is 33778205 prime?
False
Is 104436097 prime?
True
Is 841487 a prime number?
False
Is 1660572843 a prime number?
False
Is 14004379 composite?
True
Is 1910159 prime?
True
Is 7135421 prime?
False
Is 6364607 a composite number?
True
Is 65497 a composite number?
False
Is 73681133 prime?
False
Is 18950647 a composite number?
False
Is 215623 composite?
True
Is 170831047 prime?
True
Is 723775555 a composite number?
True
Is 185293297 prime?
False
Is 447409 a composite number?
False
Is 2678491 prime?
False
Is 7222357 a prime number?
True
Is 208055089 composite?
True
Is 406476107 a composite number?
False
Is 1311137 prime?
False
Is 48377561 prime?
True
Is 9998513 a prime number?
False
Is 629993017 composite?
True
Is 10088917 composite?
False
Is 103858789 composite?
False
Is 89754439 prime?
True
Is 336491 a prime number?
True
Is 311794577 a composite number?
False
Is 105555889 a prime number?
True
Is 287779 prime?
False
Is 88292161 a prime number?
False
Is 223751681 a composite number?
False
Is 40464767 a composite number?
True
Is 37584359 prime?
True
Is 2255191 a prime number?
True
Is 1361273 composite?
False
Is 887631451 a prime number?
False
Is 2225371 prime?
True
Is 2315401 a composite number?
True
Is 9678299 a prime number?
True
Is 774427 prime?
True
Is 57970967 a composite number?
False
Is 8429329 composite?
False
Is 50677667 a prime number?
True
Is 285451 composite?
False
Is 11294741 a prime number?
True
Is 27577195 composite?
True
Is 20559023 a composite number?
True
Is 9602933 prime?
False
Is 3042157 composite?
False
Is 3227809 a composite number?
True
Is 8777581 a prime number?
Tr